{"id":89,"date":"2018-03-24T10:52:22","date_gmt":"2018-03-24T10:52:22","guid":{"rendered":"http:\/\/neuwordpress.tinabayer.de\/?page_id=89"},"modified":"2022-11-19T13:10:39","modified_gmt":"2022-11-19T13:10:39","slug":"mein-angebot","status":"publish","type":"page","link":"https:\/\/tinabayer.de\/?page_id=89","title":{"rendered":"Seminare und Workshops"},"content":{"rendered":"<p><img decoding=\"async\" loading=\"lazy\" class=\"wp-image-255 aligncenter\" src=\"http:\/\/neuwordpress.tinabayer.de\/wp-content\/uploads\/2018\/04\/Meine-Welt-schmal-neu.jpg\" alt=\"\" width=\"550\" height=\"296\" srcset=\"https:\/\/tinabayer.de\/wp-content\/uploads\/2018\/04\/Meine-Welt-schmal-neu.jpg 947w, https:\/\/tinabayer.de\/wp-content\/uploads\/2018\/04\/Meine-Welt-schmal-neu-300x162.jpg 300w, https:\/\/tinabayer.de\/wp-content\/uploads\/2018\/04\/Meine-Welt-schmal-neu-768x414.jpg 768w\" sizes=\"(max-width: 550px) 100vw, 550px\" \/><\/p>\n<p><strong><span style=\"color: #0000ff;\">Mein Motto:\u00a0 <\/span><\/strong><strong><span style=\"color: #0000ff;\">Vermittlung &gt;\u00a0Wachstum &gt;\u00a0Reflexion &gt;\u00a0Transfer\u00a0<\/span><br \/>\n<\/strong><\/p>\n<p>Mein Anliegen ist es, Sie bei Ihrer pers\u00f6nlichen Entwicklung und beim Ausbau Ihres Potentials zu begleiten.<\/p>\n<p>Dabei orientiere ich mich an Ihren Bed\u00fcrfnissen und Themen.<\/p>\n<p><span style=\"color: #0000ff;\"><strong>Wie ich arbeite<\/strong><\/span><\/p>\n<p>Ihre Zufriedenheit ist mir ein Anliegen! Sie sagen, welche Themen f\u00fcr Sie wichtig sind und welche Inhalte bearbeitet werden sollen, welcher zeitliche Umfang f\u00fcr den Workshop passend ist und in welcher Form dieser stattfinden soll (Pr\u00e4senz oder online).<\/p>\n<p>Auf dieser Basis entwickle ich zugeschnitten auf Ihre Bed\u00fcrfnisse und die jeweilige Zielgruppe entsprechend ma\u00dfgeschneiderte Seminare und Workshops. Dabei ist mir der Transfer der Inhalte in den Alltag wesentlich.<\/p>\n<p><strong><span style=\"color: #0000ff;\">Mein Angebot<br \/>\n<\/span><\/strong><\/p>\n<p><strong> Kommunikation f\u00f6rdern und optimieren<\/strong><\/p>\n<ul>\n<li>Erfolgreich kommunizieren<\/li>\n<li>Konflikte als Chance \u2013 Professioneller Umgang mit Konflikten<\/li>\n<li>Kommunikative Grundlagen<\/li>\n<li>Erfolgreiche Gespr\u00e4chsf\u00fchrung und Beratung<\/li>\n<li>Beschwerdemanagement \u2013 professioneller Umgang mit Beschwerden<\/li>\n<\/ul>\n<p><strong>Ressourcen erkennen und ausbauen\u00a0<\/strong><\/p>\n<ul>\n<li>Stressmanagement \u2013 wie Sie trotz stressigem Alltag gesund bleiben<\/li>\n<li>Selbst- und Zeitmanagement<\/li>\n<li>Soziale Kompetenzen f\u00f6rdern<\/li>\n<li>Selbstf\u00fcrsorge und Mitgef\u00fchl kultivieren<\/li>\n<\/ul>\n<table width=\"5%\">\n<tbody>\n<tr>\n<td width=\"88%\"><\/td>\n<\/tr>\n<\/tbody>\n<\/table>\n<p><span style=\"color: #0000ff;\"><strong>Konditionen<\/strong><\/span><\/p>\n<p>Bitte sprechen Sie mich an, so dass ich ein auf Ihre individuellen Bed\u00fcrfnisse zugeschnittenes Angebot f\u00fcr Sie erstellen kann.<\/p>\n<p><span style=\"color: #0000ff;\"><strong>Kontakt<\/strong><\/span><\/p>\n<p><strong>Tina Bayer<\/strong><\/p>\n<p><strong>Mobil:<\/strong>\u00a00175\/3642043<br \/>\n<strong>E-Mail<\/strong>: <a href=\"mailto:info@tinabayer.de\">info@tinabayer.de<\/a><\/p>\n","protected":false},"excerpt":{"rendered":"<p>Mein Motto:\u00a0 Vermittlung &gt;\u00a0Wachstum &gt;\u00a0Reflexion &gt;\u00a0Transfer\u00a0 Mein Anliegen ist es, Sie bei Ihrer pers\u00f6nlichen Entwicklung und beim Ausbau Ihres Potentials zu begleiten. Dabei orientiere ich mich an Ihren Bed\u00fcrfnissen und Themen. Wie ich arbeite Ihre Zufriedenheit ist mir ein Anliegen! <span class=\"readmore\"><a href=\"https:\/\/tinabayer.de\/?page_id=89\">Continue Reading &#8230;<\/a><\/span><\/p>\n","protected":false},"author":1,"featured_media":108,"parent":0,"menu_order":0,"comment_status":"closed","ping_status":"closed","template":"","meta":[],"_links":{"self":[{"href":"https:\/\/tinabayer.de\/index.php?rest_route=\/wp\/v2\/pages\/89"}],"collection":[{"href":"https:\/\/tinabayer.de\/index.php?rest_route=\/wp\/v2\/pages"}],"about":[{"href":"https:\/\/tinabayer.de\/index.php?rest_route=\/wp\/v2\/types\/page"}],"author":[{"embeddable":true,"href":"https:\/\/tinabayer.de\/index.php?rest_route=\/wp\/v2\/users\/1"}],"replies":[{"embeddable":true,"href":"https:\/\/tinabayer.de\/index.php?rest_route=%2Fwp%2Fv2%2Fcomments&post=89"}],"version-history":[{"count":23,"href":"https:\/\/tinabayer.de\/index.php?rest_route=\/wp\/v2\/pages\/89\/revisions"}],"predecessor-version":[{"id":300,"href":"https:\/\/tinabayer.de\/index.php?rest_route=\/wp\/v2\/pages\/89\/revisions\/300"}],"wp:featuredmedia":[{"embeddable":true,"href":"https:\/\/tinabayer.de\/index.php?rest_route=\/wp\/v2\/media\/108"}],"wp:attachment":[{"href":"https:\/\/tinabayer.de\/index.php?rest_route=%2Fwp%2Fv2%2Fmedia&parent=89"}],"curies":[{"name":"wp","href":"https:\/\/api.w.org\/{rel}","templated":true}]}}