{"id":80,"date":"2018-03-24T10:48:05","date_gmt":"2018-03-24T10:48:05","guid":{"rendered":"http:\/\/neuwordpress.tinabayer.de\/?page_id=80"},"modified":"2022-11-19T13:01:30","modified_gmt":"2022-11-19T13:01:30","slug":"systemische-beratung","status":"publish","type":"page","link":"http:\/\/tinabayer.de\/?page_id=80","title":{"rendered":"Systemische Supervision"},"content":{"rendered":"<p><img decoding=\"async\" loading=\"lazy\" class=\"wp-image-253 aligncenter\" src=\"http:\/\/neuwordpress.tinabayer.de\/wp-content\/uploads\/2018\/04\/Systemische-Supervision.jpg\" alt=\"\" width=\"550\" height=\"288\" srcset=\"http:\/\/tinabayer.de\/wp-content\/uploads\/2018\/04\/Systemische-Supervision.jpg 947w, http:\/\/tinabayer.de\/wp-content\/uploads\/2018\/04\/Systemische-Supervision-300x157.jpg 300w, http:\/\/tinabayer.de\/wp-content\/uploads\/2018\/04\/Systemische-Supervision-768x402.jpg 768w\" sizes=\"(max-width: 550px) 100vw, 550px\" \/><\/p>\n<p><span style=\"color: #0000ff;\"><strong>Systemische Supervision<\/strong><\/span><\/p>\n<p>Systemische Supervision ist eine Form der Beratung f\u00fcr Einzelpersonen und\/oder Gruppen im beruflichen Kontext und fu\u00dft auf den Prinzipien systemischen Denkens. Dabei steht die Betrachtung und Reflexion beruflichen Handelns sowie institutioneller Strukturen und Prozesse im Mittelpunkt. Supervision erforscht Ressourcen zur Entwicklung neuer Strategien, erm\u00f6glicht es, Kompetenzen&nbsp;auszubauen und zielt auf eine Erweiterung der Denk- und Handlungsspielr\u00e4ume jedes Einzelnen.<\/p>\n<p><span style=\"color: #0000ff;\"><strong>Wie ich arbeite<\/strong><\/span><\/p>\n<p>Mein Anliegen ist es, Sie und\/oder Ihr Team bestm\u00f6glich darin zu unterst\u00fctzen, den Herausforderungen und Anforderungen des Arbeitsalltags und der Organisation angemessen begegnen zu k\u00f6nnen. Hierbei ist es mir ein besonderes Bed\u00fcrfnis, gemeinsam mit Ihnen Ressourcen und St\u00e4rken nutzbar zu machen, um so L\u00f6sungsans\u00e4tze zu erarbeiten,&nbsp;um Ihren Handlungsspielraum zu erweitern und&nbsp;neue Ideen zu generieren. Meine Arbeitsweise beruht dabei auf der systemisch-konstruktivistischen wie auch l\u00f6sungsorientierten Beratungshaltung und -methodik.<\/p>\n<p><span style=\"color: #0000ff;\"><strong>Mein Angebot<\/strong><\/span><\/p>\n<p>Mein Angebot der systemischen Supervision richtet sich an Einzelpersonen und\/oder Teams, insbesondere in der sozialen Arbeit, wie beispielsweise F\u00fchrungskr\u00e4fte und Mitarbeiter*innen in verschiedenen sozialen Einrichtungen (z.B. Kinderg\u00e4rten, Institutionen der Jugendhilfe, Schulen, Krankenh\u00e4user, Betreuungseinrichtungen, Bildungseinrichtungen etc.)<\/p>\n<p>Ich biete Ihnen:<\/p>\n<ul>\n<li>Einzelsupervision<\/li>\n<li>Leitungssupervision<\/li>\n<li>Fallsupervision<\/li>\n<li>Teamsupervision<\/li>\n<\/ul>\n<p>Dabei&nbsp;begleite und unterst\u00fctze&nbsp;ich&nbsp;Sie und\/oder Ihr Team, wenn es beispielsweise&nbsp;darum geht,<\/p>\n<ul>\n<li>die Kommunikation untereinander zu verbessern,<\/li>\n<li>Konflikte l\u00f6sungsorientiert zu meistern,<\/li>\n<li>die Kooperation untereinander&nbsp;zu st\u00e4rken,<\/li>\n<li>in Fallarbeiten neue Sichtweisen und Handlungsoptionen zu entdecken und zu erproben,<\/li>\n<li>auf Ver\u00e4nderungsprozesse flexibel zu&nbsp;reagieren,<\/li>\n<li>\u00fcber Organisationsstrukturen&nbsp;nachzudenken und diese zu optimieren,<\/li>\n<\/ul>\n<p><span style=\"color: #0000ff;\"><strong>Konditionen<\/strong><\/span><\/p>\n<p>Bitte kontaktieren Sie mich, so dass ich Ihre W\u00fcnsche und Ziele mit Ihnen besprechen kann,&nbsp;um ein auf Ihre Bed\u00fcrfnisse zugeschnittenes Angebot f\u00fcr Sie erstellen zu k\u00f6nnen.<\/p>\n<p><span style=\"color: #0000ff;\"><strong>Kontakt<\/strong><\/span><\/p>\n<p><strong>Tina Bayer<\/strong><\/p>\n<p><strong>Mobil:<\/strong>&nbsp;0175\/3642043<br \/>\n<strong>E-Mail<\/strong>: <a href=\"mailto:info@tinabayer.de\">info@tinabayer.de<\/a><\/p>\n<p><strong>&nbsp;<\/strong><\/p>\n","protected":false},"excerpt":{"rendered":"<p>Systemische Supervision Systemische Supervision ist eine Form der Beratung f\u00fcr Einzelpersonen und\/oder Gruppen im beruflichen Kontext und fu\u00dft auf den Prinzipien systemischen Denkens. Dabei steht die Betrachtung und Reflexion beruflichen Handelns sowie institutioneller Strukturen und Prozesse im Mittelpunkt. Supervision erforscht <span class=\"readmore\"><a href=\"http:\/\/tinabayer.de\/?page_id=80\">Continue Reading &#8230;<\/a><\/span><\/p>\n","protected":false},"author":1,"featured_media":0,"parent":0,"menu_order":0,"comment_status":"closed","ping_status":"closed","template":"","meta":[],"_links":{"self":[{"href":"http:\/\/tinabayer.de\/index.php?rest_route=\/wp\/v2\/pages\/80"}],"collection":[{"href":"http:\/\/tinabayer.de\/index.php?rest_route=\/wp\/v2\/pages"}],"about":[{"href":"http:\/\/tinabayer.de\/index.php?rest_route=\/wp\/v2\/types\/page"}],"author":[{"embeddable":true,"href":"http:\/\/tinabayer.de\/index.php?rest_route=\/wp\/v2\/users\/1"}],"replies":[{"embeddable":true,"href":"http:\/\/tinabayer.de\/index.php?rest_route=%2Fwp%2Fv2%2Fcomments&post=80"}],"version-history":[{"count":12,"href":"http:\/\/tinabayer.de\/index.php?rest_route=\/wp\/v2\/pages\/80\/revisions"}],"predecessor-version":[{"id":299,"href":"http:\/\/tinabayer.de\/index.php?rest_route=\/wp\/v2\/pages\/80\/revisions\/299"}],"wp:attachment":[{"href":"http:\/\/tinabayer.de\/index.php?rest_route=%2Fwp%2Fv2%2Fmedia&parent=80"}],"curies":[{"name":"wp","href":"https:\/\/api.w.org\/{rel}","templated":true}]}}